{"id":4490,"date":"2023-08-02T10:11:35","date_gmt":"2023-08-02T10:11:35","guid":{"rendered":"https:\/\/okeanisbarriers.com\/?page_id=4490"},"modified":"2024-12-08T16:55:49","modified_gmt":"2024-12-08T16:55:49","slug":"okean-barrier","status":"publish","type":"page","link":"https:\/\/okeanisbarriers.com\/index.php\/es\/products\/okean-barrier\/","title":{"rendered":"Sistema de demarcaci\u00f3n"},"content":{"rendered":"<div class=\"wpb-content-wrapper\">[vc_section full_width=&#8221;stretch_row&#8221; css=&#8221;.vc_custom_1690983864276{margin-top: -100px !important;background: #e0e0cd url(https:\/\/okeanisbarriers.com\/wp-content\/uploads\/2018\/05\/pattern_bottom.png?id=3693) !important;}&#8221;][vc_row column_separator_row=&#8221;&#8221; masked_row=&#8221;&#8221;][vc_column][gt3_custom_text text_color=&#8221;#737d84&#8243; font_size=&#8221;34&#8243;]\n<p style=\"text-align: center;\"><span style=\"color: #ffffff;\">Definir l\u00edmites, mejorar la seguridad<br \/>\n<\/span><\/p>\n[\/gt3_custom_text][gt3_spacing height=&#8221;32px&#8221;][\/vc_column][\/vc_row][\/vc_section][vc_row][vc_column][gt3_spacing height=&#8221;60px&#8221;][gt3_custom_text text_color=&#8221;#000000&#8243; font_size=&#8221;40&#8243;]\n<p style=\"text-align: center;\">Okean-Barrier (Barreras para embarcaciones y motos de agua)<\/p>\n[\/gt3_custom_text][gt3_spacing height=&#8221;32px&#8221;][gt3_custom_text text_color=&#8221;#737d84&#8243; font_size=&#8221;16&#8243;]El producto Okean Barrier es una soluci\u00f3n esencial y econ\u00f3mica para delimitar \u00e1reas espec\u00edficas y segregar separar una regi\u00f3n de su entorno acu\u00e1tico m\u00e1s amplio.<\/p>\n<p>&nbsp;<\/p>\n<p>En aplicaciones en las que necesitamos delimitar \u00e1reas espec\u00edficas, como la demarcaci\u00f3n de una zona de ba\u00f1o segura o una zona medioambiental o de proyecto, la formaci\u00f3n de v\u00edas mar\u00edtimas para la entrada de embarcaciones y motos acu\u00e1ticas, etc., el sistema de demarcaci\u00f3n flotante Okean-Barrier se adapta perfectamente.<\/p>\n<p>&nbsp;<\/p>\n<p>Combinando una calidad de fabricaci\u00f3n excepcional y bajas fuerzas de arrastre hidrodin\u00e1mico, se caracteriza por ser detectable visible y particularmente duradero en una estancia prolongada en el entorno marino en condiciones clim\u00e1ticas adversas.<\/p>\n<p>&nbsp;<\/p>\n<p>Su dise\u00f1o proporciona fuerzas de arrastre hidrodin\u00e1micas m\u00ednimas y m\u00e1xima resistencia en condiciones clim\u00e1ticas.<\/p>\n<p>&nbsp;<\/p>\n<ul>\n<li>Amplia gama de aplicaciones que se pueden lograr<\/li>\n<li>Protege la zona de ba\u00f1o y el tr\u00e1fico de embarcaciones mar\u00edtimas.<\/li>\n<li>Diferentes colores disponibles seg\u00fan solicitud (colores est\u00e1ndar naranja, amarillo y azul disponibles)<\/li>\n<li>Totalmente adaptable a todos los entornos marinos.<\/li>\n<li>Flexible, el\u00e1stico, amortiguador al choque de las olas<\/li>\n<li>Resistente a los rayos UV y a los qu\u00edmicos<\/li>\n<li>Adecuado para flujos de agua r\u00e1pidos<\/li>\n<li>Adecuado para instalaci\u00f3n permanente o estacional en todos los entornos marinos.<\/li>\n<li>Reciclable despu\u00e9s de su uso.<\/li>\n<li>Enriquecido con estabilizadores de protecci\u00f3n UV y fabricado con materiales duraderos, adecuados para uso prolongado en el entorno marino.<\/li>\n<\/ul>\n[\/gt3_custom_text][gt3_spacing height=&#8221;32px&#8221;][vc_tta_accordion c_icon=&#8221;chevron&#8221; active_section=&#8221;&#8221; collapsible_all=&#8221;true&#8221;][vc_tta_section title=&#8221;Campo tecnico de Okean-Barrier F2&#8243; tab_id=&#8221;1701419211647-3aa1ad59-0389&#8243;][gt3_custom_text text_color=&#8221;#737d84&#8243; font_size=&#8221;16&#8243;]\n<table width=\"631\">\n<tbody>\n<tr>\n<td width=\"173\">Tipo:<\/td>\n<td width=\"202\">Okean-Barrier F2\/1,5-2,2<\/td>\n<td width=\"256\">Okean-Barrier F2\/2-2,7<\/td>\n<\/tr>\n<tr>\n<td width=\"173\">Altura total :<\/td>\n<td width=\"202\">40cm<\/td>\n<td width=\"256\">40cm<\/td>\n<\/tr>\n<tr>\n<td width=\"173\">Francobordo :<\/td>\n<td width=\"202\">35cm<\/td>\n<td width=\"256\">35cm<\/td>\n<\/tr>\n<tr>\n<td width=\"173\">Resistencia a la rotura (cuerda interna):<\/td>\n<td width=\"202\">6,5 Tn<\/td>\n<td width=\"256\">6,5 Tn<\/td>\n<\/tr>\n<tr>\n<td width=\"173\">Longitud de la tuber\u00eda:<\/td>\n<td width=\"202\">1,5m<\/td>\n<td width=\"256\">2m<\/td>\n<\/tr>\n<tr>\n<td width=\"173\">Longitud total (con bucles de cuerda):<\/td>\n<td width=\"202\">2,2m<\/td>\n<td width=\"256\">2,7m<\/td>\n<\/tr>\n<tr>\n<td width=\"173\">Peso\/m (promedio):<\/td>\n<td width=\"202\">5,3 Kgr\/pc<\/td>\n<td width=\"256\">5,9Kg\/pc<\/td>\n<\/tr>\n<tr>\n<td width=\"173\">Tipo de boyas:<\/td>\n<td colspan=\"2\" width=\"458\">HDPE boyas &#8211; UV<\/td>\n<\/tr>\n<tr>\n<td width=\"173\">Longitud de la secci\u00f3n :<\/td>\n<td colspan=\"2\" width=\"458\">Amarillo-Naranja-Azul-Blanco<\/td>\n<\/tr>\n<\/tbody>\n<\/table>\n[\/gt3_custom_text][\/vc_tta_section][\/vc_tta_accordion][\/vc_column][\/vc_row][vc_row][vc_column][gt3_spacing height=&#8221;32px&#8221;][gt3_custom_text text_color=&#8221;#737d84&#8243; font_size=&#8221;45&#8243;]\n<p style=\"text-align: center;\"><span>FOTOS DE LA APLICACI\u00d3N<\/span><\/p>\n[\/gt3_custom_text][gt3_gallery_packery images=&#8221;4633,4634,4635,4636,4637&#8243; packery_layout=&#8221;pls_4items&#8221;][gt3_button button_title=&#8221;Back&#8221; button_alignment=&#8221;right&#8221; link=&#8221;url:https%3A%2F%2Fokeanisbarriers.com%2Findex.php%2Fproducts%2F|title:Products&#8221;][\/vc_column][\/vc_row]\n<\/div>","protected":false},"excerpt":{"rendered":"<p>[vc_section full_width=&#8221;stretch_row&#8221; css=&#8221;.vc_custom_1690983864276{margin-top: -100px !important;background: #e0e0cd url(https:\/\/okeanisbarriers.com\/wp-content\/uploads\/2018\/05\/pattern_bottom.png?id=3693) !important;}&#8221;][vc_row column_separator_row=&#8221;&#8221; masked_row=&#8221;&#8221;][vc_column][gt3_custom_text text_color=&#8221;#737d84&#8243; font_size=&#8221;34&#8243;] Definir l\u00edmites, mejorar la seguridad [\/gt3_custom_text][gt3_spacing height=&#8221;32px&#8221;][\/vc_column][\/vc_row][\/vc_section][vc_row][vc_column][gt3_spacing height=&#8221;60px&#8221;][gt3_custom_text text_color=&#8221;#000000&#8243; font_size=&#8221;40&#8243;] Okean-Barrier (Barreras para embarcaciones y motos de agua) [\/gt3_custom_text][gt3_spacing height=&#8221;32px&#8221;][gt3_custom_text text_color=&#8221;#737d84&#8243; font_size=&#8221;16&#8243;]El producto Okean Barrier es una soluci\u00f3n esencial y econ\u00f3mica para delimitar \u00e1reas espec\u00edficas y segregar separar una regi\u00f3n de su entorno [&hellip;]<\/p>\n","protected":false},"author":1,"featured_media":4496,"parent":4178,"menu_order":3,"comment_status":"closed","ping_status":"closed","template":"","meta":{"footnotes":""},"class_list":["post-4490","page","type-page","status-publish","has-post-thumbnail","hentry"],"yoast_head":"<!-- This site is optimized with the Yoast SEO plugin v24.7 - https:\/\/yoast.com\/wordpress\/plugins\/seo\/ -->\n<title>Sistema de demarcaci\u00f3n - Floating Barriers &amp; Booms %<\/title>\n<meta name=\"description\" content=\"%\" \/>\n<meta name=\"robots\" content=\"index, follow, max-snippet:-1, max-image-preview:large, max-video-preview:-1\" \/>\n<link rel=\"canonical\" href=\"https:\/\/okeanisbarriers.com\/index.php\/es\/products\/okean-barrier\/\" \/>\n<meta property=\"og:locale\" content=\"en_US\" \/>\n<meta property=\"og:type\" content=\"article\" \/>\n<meta property=\"og:title\" content=\"Sistema de demarcaci\u00f3n - Floating Barriers &amp; Booms %\" \/>\n<meta property=\"og:description\" content=\"%\" \/>\n<meta property=\"og:url\" content=\"https:\/\/okeanisbarriers.com\/index.php\/es\/products\/okean-barrier\/\" \/>\n<meta property=\"og:site_name\" content=\"Floating Barriers &amp; Booms\" \/>\n<meta property=\"article:publisher\" content=\"https:\/\/www.facebook.com\/okeanis.floating.booms\/\" \/>\n<meta property=\"article:modified_time\" content=\"2024-12-08T16:55:49+00:00\" \/>\n<meta property=\"og:image\" content=\"https:\/\/okeanisbarriers.com\/wp-content\/uploads\/2023\/08\/okean-barrier.jpg\" \/>\n\t<meta property=\"og:image:width\" content=\"500\" \/>\n\t<meta property=\"og:image:height\" content=\"373\" \/>\n\t<meta property=\"og:image:type\" content=\"image\/jpeg\" \/>\n<meta name=\"twitter:card\" content=\"summary_large_image\" \/>\n<meta name=\"twitter:label1\" content=\"Est. reading time\" \/>\n\t<meta name=\"twitter:data1\" content=\"3 minutes\" \/>\n<script type=\"application\/ld+json\" class=\"yoast-schema-graph\">{\"@context\":\"https:\/\/schema.org\",\"@graph\":[{\"@type\":\"WebPage\",\"@id\":\"https:\/\/okeanisbarriers.com\/index.php\/es\/products\/okean-barrier\/\",\"url\":\"https:\/\/okeanisbarriers.com\/index.php\/es\/products\/okean-barrier\/\",\"name\":\"Sistema de demarcaci\u00f3n - Floating Barriers &amp; Booms %\",\"isPartOf\":{\"@id\":\"https:\/\/okeanisbarriers.com\/#website\"},\"primaryImageOfPage\":{\"@id\":\"https:\/\/okeanisbarriers.com\/index.php\/es\/products\/okean-barrier\/#primaryimage\"},\"image\":{\"@id\":\"https:\/\/okeanisbarriers.com\/index.php\/es\/products\/okean-barrier\/#primaryimage\"},\"thumbnailUrl\":\"https:\/\/okeanisbarriers.com\/wp-content\/uploads\/2023\/08\/okean-barrier.jpg\",\"datePublished\":\"2023-08-02T10:11:35+00:00\",\"dateModified\":\"2024-12-08T16:55:49+00:00\",\"description\":\"%\",\"breadcrumb\":{\"@id\":\"https:\/\/okeanisbarriers.com\/index.php\/es\/products\/okean-barrier\/#breadcrumb\"},\"inLanguage\":\"en-US\",\"potentialAction\":[{\"@type\":\"ReadAction\",\"target\":[\"https:\/\/okeanisbarriers.com\/index.php\/es\/products\/okean-barrier\/\"]}]},{\"@type\":\"ImageObject\",\"inLanguage\":\"en-US\",\"@id\":\"https:\/\/okeanisbarriers.com\/index.php\/es\/products\/okean-barrier\/#primaryimage\",\"url\":\"https:\/\/okeanisbarriers.com\/wp-content\/uploads\/2023\/08\/okean-barrier.jpg\",\"contentUrl\":\"https:\/\/okeanisbarriers.com\/wp-content\/uploads\/2023\/08\/okean-barrier.jpg\",\"width\":500,\"height\":373},{\"@type\":\"BreadcrumbList\",\"@id\":\"https:\/\/okeanisbarriers.com\/index.php\/es\/products\/okean-barrier\/#breadcrumb\",\"itemListElement\":[{\"@type\":\"ListItem\",\"position\":1,\"name\":\"Home\",\"item\":\"https:\/\/okeanisbarriers.com\/index.php\/es\/home\/\"},{\"@type\":\"ListItem\",\"position\":2,\"name\":\"Productos\",\"item\":\"https:\/\/okeanisbarriers.com\/index.php\/es\/products\/\"},{\"@type\":\"ListItem\",\"position\":3,\"name\":\"Sistema de demarcaci\u00f3n\"}]},{\"@type\":\"WebSite\",\"@id\":\"https:\/\/okeanisbarriers.com\/#website\",\"url\":\"https:\/\/okeanisbarriers.com\/\",\"name\":\"Okeanis - Floating Barriers & Booms\",\"description\":\"Floating barriers&#039; manufacturing\",\"publisher\":{\"@id\":\"https:\/\/okeanisbarriers.com\/#organization\"},\"alternateName\":\"Okeanis Floating Booms\",\"potentialAction\":[{\"@type\":\"SearchAction\",\"target\":{\"@type\":\"EntryPoint\",\"urlTemplate\":\"https:\/\/okeanisbarriers.com\/?s={search_term_string}\"},\"query-input\":{\"@type\":\"PropertyValueSpecification\",\"valueRequired\":true,\"valueName\":\"search_term_string\"}}],\"inLanguage\":\"en-US\"},{\"@type\":\"Organization\",\"@id\":\"https:\/\/okeanisbarriers.com\/#organization\",\"name\":\"Okeanis Floating Barriers & Booms\",\"alternateName\":\"Oceanis Ltd - Floating Booms\",\"url\":\"https:\/\/okeanisbarriers.com\/\",\"logo\":{\"@type\":\"ImageObject\",\"inLanguage\":\"en-US\",\"@id\":\"https:\/\/okeanisbarriers.com\/#\/schema\/logo\/image\/\",\"url\":\"https:\/\/okeanisbarriers.com\/wp-content\/uploads\/2025\/04\/210506_okeanis_New_Logo_0006-scaled.png\",\"contentUrl\":\"https:\/\/okeanisbarriers.com\/wp-content\/uploads\/2025\/04\/210506_okeanis_New_Logo_0006-scaled.png\",\"width\":2316,\"height\":2560,\"caption\":\"Okeanis Floating Barriers & Booms\"},\"image\":{\"@id\":\"https:\/\/okeanisbarriers.com\/#\/schema\/logo\/image\/\"},\"sameAs\":[\"https:\/\/www.facebook.com\/okeanis.floating.booms\/\"]}]}<\/script>\n<!-- \/ Yoast SEO plugin. -->","yoast_head_json":{"title":"Sistema de demarcaci\u00f3n - Floating Barriers &amp; Booms %","description":"%","robots":{"index":"index","follow":"follow","max-snippet":"max-snippet:-1","max-image-preview":"max-image-preview:large","max-video-preview":"max-video-preview:-1"},"canonical":"https:\/\/okeanisbarriers.com\/index.php\/es\/products\/okean-barrier\/","og_locale":"en_US","og_type":"article","og_title":"Sistema de demarcaci\u00f3n - Floating Barriers &amp; Booms %","og_description":"%","og_url":"https:\/\/okeanisbarriers.com\/index.php\/es\/products\/okean-barrier\/","og_site_name":"Floating Barriers &amp; Booms","article_publisher":"https:\/\/www.facebook.com\/okeanis.floating.booms\/","article_modified_time":"2024-12-08T16:55:49+00:00","og_image":[{"width":500,"height":373,"url":"https:\/\/okeanisbarriers.com\/wp-content\/uploads\/2023\/08\/okean-barrier.jpg","type":"image\/jpeg"}],"twitter_card":"summary_large_image","twitter_misc":{"Est. reading time":"3 minutes"},"schema":{"@context":"https:\/\/schema.org","@graph":[{"@type":"WebPage","@id":"https:\/\/okeanisbarriers.com\/index.php\/es\/products\/okean-barrier\/","url":"https:\/\/okeanisbarriers.com\/index.php\/es\/products\/okean-barrier\/","name":"Sistema de demarcaci\u00f3n - Floating Barriers &amp; Booms %","isPartOf":{"@id":"https:\/\/okeanisbarriers.com\/#website"},"primaryImageOfPage":{"@id":"https:\/\/okeanisbarriers.com\/index.php\/es\/products\/okean-barrier\/#primaryimage"},"image":{"@id":"https:\/\/okeanisbarriers.com\/index.php\/es\/products\/okean-barrier\/#primaryimage"},"thumbnailUrl":"https:\/\/okeanisbarriers.com\/wp-content\/uploads\/2023\/08\/okean-barrier.jpg","datePublished":"2023-08-02T10:11:35+00:00","dateModified":"2024-12-08T16:55:49+00:00","description":"%","breadcrumb":{"@id":"https:\/\/okeanisbarriers.com\/index.php\/es\/products\/okean-barrier\/#breadcrumb"},"inLanguage":"en-US","potentialAction":[{"@type":"ReadAction","target":["https:\/\/okeanisbarriers.com\/index.php\/es\/products\/okean-barrier\/"]}]},{"@type":"ImageObject","inLanguage":"en-US","@id":"https:\/\/okeanisbarriers.com\/index.php\/es\/products\/okean-barrier\/#primaryimage","url":"https:\/\/okeanisbarriers.com\/wp-content\/uploads\/2023\/08\/okean-barrier.jpg","contentUrl":"https:\/\/okeanisbarriers.com\/wp-content\/uploads\/2023\/08\/okean-barrier.jpg","width":500,"height":373},{"@type":"BreadcrumbList","@id":"https:\/\/okeanisbarriers.com\/index.php\/es\/products\/okean-barrier\/#breadcrumb","itemListElement":[{"@type":"ListItem","position":1,"name":"Home","item":"https:\/\/okeanisbarriers.com\/index.php\/es\/home\/"},{"@type":"ListItem","position":2,"name":"Productos","item":"https:\/\/okeanisbarriers.com\/index.php\/es\/products\/"},{"@type":"ListItem","position":3,"name":"Sistema de demarcaci\u00f3n"}]},{"@type":"WebSite","@id":"https:\/\/okeanisbarriers.com\/#website","url":"https:\/\/okeanisbarriers.com\/","name":"Okeanis - Floating Barriers & Booms","description":"Floating barriers&#039; manufacturing","publisher":{"@id":"https:\/\/okeanisbarriers.com\/#organization"},"alternateName":"Okeanis Floating Booms","potentialAction":[{"@type":"SearchAction","target":{"@type":"EntryPoint","urlTemplate":"https:\/\/okeanisbarriers.com\/?s={search_term_string}"},"query-input":{"@type":"PropertyValueSpecification","valueRequired":true,"valueName":"search_term_string"}}],"inLanguage":"en-US"},{"@type":"Organization","@id":"https:\/\/okeanisbarriers.com\/#organization","name":"Okeanis Floating Barriers & Booms","alternateName":"Oceanis Ltd - Floating Booms","url":"https:\/\/okeanisbarriers.com\/","logo":{"@type":"ImageObject","inLanguage":"en-US","@id":"https:\/\/okeanisbarriers.com\/#\/schema\/logo\/image\/","url":"https:\/\/okeanisbarriers.com\/wp-content\/uploads\/2025\/04\/210506_okeanis_New_Logo_0006-scaled.png","contentUrl":"https:\/\/okeanisbarriers.com\/wp-content\/uploads\/2025\/04\/210506_okeanis_New_Logo_0006-scaled.png","width":2316,"height":2560,"caption":"Okeanis Floating Barriers & Booms"},"image":{"@id":"https:\/\/okeanisbarriers.com\/#\/schema\/logo\/image\/"},"sameAs":["https:\/\/www.facebook.com\/okeanis.floating.booms\/"]}]}},"_links":{"self":[{"href":"https:\/\/okeanisbarriers.com\/index.php\/wp-json\/wp\/v2\/pages\/4490","targetHints":{"allow":["GET"]}}],"collection":[{"href":"https:\/\/okeanisbarriers.com\/index.php\/wp-json\/wp\/v2\/pages"}],"about":[{"href":"https:\/\/okeanisbarriers.com\/index.php\/wp-json\/wp\/v2\/types\/page"}],"author":[{"embeddable":true,"href":"https:\/\/okeanisbarriers.com\/index.php\/wp-json\/wp\/v2\/users\/1"}],"replies":[{"embeddable":true,"href":"https:\/\/okeanisbarriers.com\/index.php\/wp-json\/wp\/v2\/comments?post=4490"}],"version-history":[{"count":18,"href":"https:\/\/okeanisbarriers.com\/index.php\/wp-json\/wp\/v2\/pages\/4490\/revisions"}],"predecessor-version":[{"id":5431,"href":"https:\/\/okeanisbarriers.com\/index.php\/wp-json\/wp\/v2\/pages\/4490\/revisions\/5431"}],"up":[{"embeddable":true,"href":"https:\/\/okeanisbarriers.com\/index.php\/wp-json\/wp\/v2\/pages\/4178"}],"wp:featuredmedia":[{"embeddable":true,"href":"https:\/\/okeanisbarriers.com\/index.php\/wp-json\/wp\/v2\/media\/4496"}],"wp:attachment":[{"href":"https:\/\/okeanisbarriers.com\/index.php\/wp-json\/wp\/v2\/media?parent=4490"}],"curies":[{"name":"wp","href":"https:\/\/api.w.org\/{rel}","templated":true}]}}