{"id":692,"date":"2024-04-29T03:30:45","date_gmt":"2024-04-29T03:30:45","guid":{"rendered":"http:\/\/gt3demo.com\/wp\/wizelaw\/?page_id=692"},"modified":"2024-12-08T15:22:08","modified_gmt":"2024-12-08T15:22:08","slug":"about-us","status":"publish","type":"page","link":"https:\/\/okeanisbarriers.com\/index.php\/es\/about-us\/","title":{"rendered":"Sobre Nosotros"},"content":{"rendered":"<div class=\"wpb-content-wrapper\">[vc_section css=&#8221;.vc_custom_1731266631320{margin-top: -100px !important;background-color: #e2e2e2 !important;}&#8221;][vc_row column_separator_row=&#8221;&#8221; masked_row=&#8221;true&#8221;][vc_column][gt3_custom_text text_color=&#8221;#737d84&#8243; font_size=&#8221;35&#8243; line_height=&#8221;80&#8243;]\n<p style=\"text-align: center; margin-bottom: 8px; margin-top: 8px;\"><span style=\"color: #2e4a72;\">Innovaci\u00f3n y Excelencia en Soluciones de Barreras<br \/>\n<\/span><\/p>\n[\/gt3_custom_text][gt3_spacing height=&#8221;32px&#8221;][\/vc_column][\/vc_row][\/vc_section][vc_row column_separator_row=&#8221;&#8221; masked_row=&#8221;&#8221; css=&#8221;.vc_custom_1690863196196{margin-top: 50px !important;}&#8221; el_class=&#8221;about_text&#8221;][vc_column][vc_row_inner el_class=&#8221;about_text&#8221;][vc_column_inner width=&#8221;1\/2&#8243;][vc_single_image image=&#8221;4791&#8243; img_size=&#8221;full&#8221; css=&#8221;.vc_custom_1732904202208{padding-top: 0px !important;padding-right: 60px !important;padding-bottom: 60px !important;}&#8221;][\/vc_column_inner][vc_column_inner width=&#8221;1\/2&#8243;][gt3_custom_text text_color=&#8221;#737d84&#8243; font_size=&#8221;16&#8243;]<strong style=\"font-size: 30px;\">SOBRE NOSOTROS<\/strong><\/p>\n<p>Okeanis Ltd fue fundada en 2001 por Malloudis Ioannis y sus hijos con un enfoque en la fabricaci\u00f3n de barreras flotantes para la protecci\u00f3n marina y costera. Su enfoque t\u00e9cnico e innovador les ha llevado a desarrollar un sistema integral que proporciona flexibilidad en el dise\u00f1o y las especificaciones en el producto final, permiti\u00e9ndoles adaptarse a los requisitos y presupuesto de cada proyecto para alcanzar los m\u00e1ximos objetivos en eficiencia y resistencia. Como resultado, Okeanis puede proporcionar productos y soluciones personalizados confiables, especializ\u00e1ndose en barreras para desechos flotantes, barreras de algas, redes de protecci\u00f3n para medusas y demarcaci\u00f3n para embarcaciones y motos acu\u00e1ticas.<\/p>\n<p>La historia de Okeanis comenz\u00f3 a finales de los a\u00f1os 90, cuando el Sr. Malloudis Ioannis identific\u00f3 una oportunidad de negocio para combinar su inter\u00e9s en las actividades medioambientales marinas con sus habilidades t\u00e9cnicas y pr\u00e1cticas. El medio marino estaba muy contaminado con basura pl\u00e1stica y proliferaci\u00f3n de algas, y las barreras comunes de contenci\u00f3n de petr\u00f3leo y desechos y las barreras de malla que se utilizaban no eran lo suficientemente eficientes ni duraderas para soportar las condiciones clim\u00e1ticas y la contaminaci\u00f3n.[\/gt3_custom_text][\/vc_column_inner][\/vc_row_inner][gt3_custom_text text_color=&#8221;#737d84&#8243; font_size=&#8221;16&#8243;]Esta comprensi\u00f3n desencaden\u00f3 el dise\u00f1o de un sistema flotante diferente que estar\u00eda dise\u00f1ado espec\u00edficamente para la contenci\u00f3n de desechos y algas marinas y ser\u00eda superior en efectividad y durabilidad. Se abord\u00f3 el desaf\u00edo de fabricar este sistema flotante y finalmente se logr\u00f3 la base el establecimiento de la marca Okeanis.<\/p>\n<p>Los a\u00f1os siguientes vieron el levantamiento de la l\u00ednea de producci\u00f3n y la empresa desarroll\u00f3 un m\u00e9todo de alta ingenier\u00eda que ser\u00eda productivo y capaz de proporcionar flexibilidad para fabricar una amplia gama de productos de calidad con diferentes caracter\u00edsticas y especificaciones. Hoy en d\u00eda, Okeanis es reconocido como l\u00edder mundial en la fabricaci\u00f3n de barreras flotantes para desechos, dise\u00f1ando y fabricando una amplia gama de barreras, barreras para algas, redes de protecci\u00f3n de medusas, barreras de demarcaci\u00f3n para motos acu\u00e1ticas y sistemas flotantes personalizados con los m\u00e1s altos est\u00e1ndares de calidad. La efectividad, desempe\u00f1o, estabilidad, durabilidad, respuesta al oleaje, flexibilidad, elasticidad y distribuci\u00f3n de tensiones son algunos de los atributos y caracter\u00edsticas que brindan sus sistemas.<\/p>\n<p>La singularidad particularidad y la alta calidad de los productos de Okeanis benefician a m\u00faltiples niveles, aumentando su beneficio a nivel ambiental, econ\u00f3mico y social responsabilidad social. Estudian, investigan y la mejora continua e investigaci\u00f3n crecen continuamente avanzan manteniendo al mismo tiempo la responsabilidad con el medio ambiente. Este compromiso garantiza que se desarrollen soluciones para abordar incluso los problemas m\u00e1s desafiantes que enfrenta el medio ambiente acu\u00e1tico.<\/p>\n<p>En general, el enfoque t\u00e9cnico innovador y el compromiso de Okeanis con el medio ambiente los convierten en una fuente confiable de soluciones personalizadas en protecci\u00f3n marina y costera.<\/p>\n[\/gt3_custom_text][gt3_spacing height=&#8221;70px&#8221;][\/vc_column][\/vc_row][vc_row full_width=&#8221;stretch_row&#8221; column_separator_row=&#8221;&#8221; masked_row=&#8221;&#8221; css=&#8221;.vc_custom_1732904652345{background: #28323e url(https:\/\/okeanisbarriers.com\/wp-content\/uploads\/2024\/11\/okeanis_gradiend_navy_blue.jpg?id=5099) !important;}&#8221;][vc_column][gt3_spacing height=&#8221;15px&#8221;][vc_row_inner][vc_column_inner width=&#8221;7\/12&#8243;][gt3_custom_text text_color=&#8221;#ffffff&#8221; font_size=&#8221;30&#8243; line_height=&#8221;100&#8243;]<strong>Que solucionamos<\/strong>[\/gt3_custom_text][\/vc_column_inner][vc_column_inner width=&#8221;5\/12&#8243;][\/vc_column_inner][\/vc_row_inner][gt3_spacing height=&#8221;22px&#8221;][gt3_custom_text text_color=&#8221;#c9d4dc&#8221; font_size=&#8221;16&#8243; line_height=&#8221;190&#8243;]Okeanis y sus barreras flotantes de algas marinas s\u00f3lo pueden ayudar a tratar las consecuencias, conteniendo, desviando y eliminando las algas flotantes y protegiendo los h\u00e1bitats marinos y las estructuras recreativas.[\/gt3_custom_text][gt3_spacing height=&#8221;44px&#8221;][vc_row_inner][vc_column_inner width=&#8221;1\/3&#8243;][gt3_image_box thumbnail=&#8221;5278&#8243; image_position=&#8221;top&#8221; title_tag=&#8221;h2&#8243; imagebox_title_size=&#8221;24&#8243; imagebox_content_size=&#8221;14&#8243; title_color=&#8221;#ffffff&#8221; text_color=&#8221;#c9d4dc&#8221; link_color=&#8221;#4496bd&#8221; link_hover_color=&#8221;#ffffff&#8221; new_tab=&#8221;&#8221; heading=&#8221;Barreras de debris&#8221; text=&#8221;La configuraci\u00f3n din\u00e1mica de la naturaleza<br \/>\nnuestras experiencias.&#8221; url=&#8221;https:\/\/okeanisbarriers.com\/index.php\/es\/products\/debris-barriers\/&#8221;][gt3_spacing height=&#8221;15px&#8221;][gt3_custom_text text_color=&#8221;#4496bd&#8221; font_size=&#8221;14&#8243;]\n<p style=\"text-align: center;\"><a href=\"https:\/\/okeanisbarriers.com\/index.php\/es\/products\/debris-barriers\/\"><span style=\"font-size: 16px;\"><span style=\"color: #ffffff;\">M\u00e1s im\u00e1genes<\/span><\/span><\/a><span style=\"color: #ffffff;\">\u00a0<i class=\"fa fa-arrow-right\">\u00a0<\/i><\/span><\/p>\n[\/gt3_custom_text][gt3_spacing height=&#8221;32px&#8221;][\/vc_column_inner][vc_column_inner width=&#8221;1\/3&#8243;][gt3_image_box thumbnail=&#8221;5279&#8243; image_position=&#8221;top&#8221; title_tag=&#8221;h2&#8243; imagebox_title_size=&#8221;24&#8243; imagebox_content_size=&#8221;14&#8243; title_color=&#8221;#ffffff&#8221; text_color=&#8221;#c9d4dc&#8221; link_color=&#8221;#4496bd&#8221; link_hover_color=&#8221;#ffffff&#8221; new_tab=&#8221;&#8221; heading=&#8221;Contaminaci\u00f3n&#8221; text=&#8221;Una crisis global que exige urgentemente<br \/>\ncuidado del medio ambiente.&#8221; url=&#8221;https:\/\/okeanisbarriers.com\/index.php\/es\/application\/pollution\/&#8221;][gt3_spacing height=&#8221;15px&#8221;][gt3_custom_text text_color=&#8221;#4496bd&#8221; font_size=&#8221;14&#8243;]\n<p style=\"text-align: center;\"><a href=\"https:\/\/okeanisbarriers.com\/index.php\/application\/pollution\/\"><span style=\"font-size: 16px;\"><span style=\"color: #ffffff;\">M\u00e1s im\u00e1genes<\/span><\/span><\/a><span style=\"color: #ffffff;\"> <a class=\"gt3_icon_link\" href=\"#\" target=\"_blank\" style=\"font-size: 12px; color: #ffffff; margin-right: 15px; margin-top: 5px;\" rel=\"noopener\"><i class=\"fa fa-arrow-right\">\u00a0<\/i><\/a><\/span><\/p>\n[\/gt3_custom_text][gt3_spacing height=&#8221;32px&#8221;][\/vc_column_inner][vc_column_inner width=&#8221;1\/3&#8243;][gt3_image_box thumbnail=&#8221;5280&#8243; image_position=&#8221;top&#8221; title_tag=&#8221;h2&#8243; imagebox_title_size=&#8221;24&#8243; imagebox_content_size=&#8221;14&#8243; title_color=&#8221;#ffffff&#8221; text_color=&#8221;#c9d4dc&#8221; link_color=&#8221;#4496bd&#8221; link_hover_color=&#8221;#ffffff&#8221; new_tab=&#8221;&#8221; heading=&#8221;Protecci\u00f3n&#8221; text=&#8221;Salvaguardando tu costa paraun<br \/>\nfuturo sostenible.&#8221; url=&#8221;https:\/\/okeanisbarriers.com\/index.php\/es\/application\/protection\/&#8221;][gt3_spacing height=&#8221;15px&#8221;][gt3_custom_text text_color=&#8221;#4496bd&#8221; font_size=&#8221;14&#8243;]\n<p style=\"text-align: center;\"><a href=\"https:\/\/okeanisbarriers.com\/index.php\/application\/protection\/\"><span style=\"font-size: 16px;\"><span style=\"color: #ffffff;\">M\u00e1s im\u00e1genes<\/span><\/span><\/a><span style=\"color: #ffffff;\"> <a class=\"gt3_icon_link\" href=\"#\" target=\"_blank\" style=\"font-size: 12px; color: #ffffff; margin-right: 15px; margin-top: 5px;\" rel=\"noopener\"><i class=\"fa fa-arrow-right\">\u00a0<\/i><\/a><\/span><\/p>\n[\/gt3_custom_text][gt3_spacing height=&#8221;32px&#8221;][\/vc_column_inner][\/vc_row_inner][gt3_spacing height=&#8221;30px&#8221; responsive_es=&#8221;true&#8221; height_mobile=&#8221;0px&#8221;][\/vc_column][\/vc_row][vc_row full_width=&#8221;stretch_row&#8221; column_separator_row=&#8221;&#8221; masked_row=&#8221;&#8221; css=&#8221;.vc_custom_1731675980927{margin-top: -10px !important;background-image: url(https:\/\/okeanisbarriers.com\/wp-content\/uploads\/2023\/08\/home_middle_banner_03.jpg?id=4444) !important;background-position: center !important;background-repeat: no-repeat !important;background-size: cover !important;}&#8221;][vc_column][gt3_spacing height=&#8221;90px&#8221; responsive_es=&#8221;true&#8221; height_mobile=&#8221;50&#8243;][gt3_spacing height=&#8221;45px&#8221; responsive_es=&#8221;true&#8221; height_mobile=&#8221;50&#8243;][gt3_custom_text text_color=&#8221;#ffffff&#8221; font_size=&#8221;100&#8243; line_height=&#8221;100&#8243; use_theme_fonts=&#8221;&#8221; google_fonts_text=&#8221;font_family:Kaushan%20Script%3Aregular|font_style:400%20regular%3A400%3Anormal&#8221; responsive_font=&#8221;true&#8221; font_size_tablet=&#8221;70&#8243; font_size_mobile=&#8221;50&#8243;]\n<p style=\"text-align: center;\"><strong>\u00a1Protegiendo tu playa!<\/strong><\/p>\n[\/gt3_custom_text][gt3_spacing height=&#8221;45px&#8221;][gt3_button button_title=&#8221;Contact Us&#8221; button_alignment=&#8221;center&#8221; use_theme_button=&#8221;&#8221; btn_bg_color=&#8221;#1e73be&#8221; btn_text_color=&#8221;#ffffff&#8221; btn_bg_color_hover=&#8221;#ffffff&#8221; btn_text_color_hover=&#8221;#1e73be&#8221; btn_icon_color=&#8221;#ffffff&#8221; btn_icon_color_hover=&#8221;#ffffff&#8221; btn_border_color=&#8221;#1e73be&#8221; btn_border_color_hover=&#8221;#1e73be&#8221; link=&#8221;url:https%3A%2F%2Fokeanisbarriers.com%2Findex.php%2Fcontacts%2F|title:Contacts&#8221;][gt3_spacing height=&#8221;200px&#8221; responsive_es=&#8221;true&#8221; height_mobile=&#8221;43&#8243;][\/vc_column][\/vc_row]\n<\/div>","protected":false},"excerpt":{"rendered":"<p>[vc_section css=&#8221;.vc_custom_1731266631320{margin-top: -100px !important;background-color: #e2e2e2 !important;}&#8221;][vc_row column_separator_row=&#8221;&#8221; masked_row=&#8221;true&#8221;][vc_column][gt3_custom_text text_color=&#8221;#737d84&#8243; font_size=&#8221;35&#8243; line_height=&#8221;80&#8243;] Innovaci\u00f3n y Excelencia en Soluciones de Barreras [\/gt3_custom_text][gt3_spacing height=&#8221;32px&#8221;][\/vc_column][\/vc_row][\/vc_section][vc_row column_separator_row=&#8221;&#8221; masked_row=&#8221;&#8221; css=&#8221;.vc_custom_1690863196196{margin-top: 50px !important;}&#8221; el_class=&#8221;about_text&#8221;][vc_column][vc_row_inner el_class=&#8221;about_text&#8221;][vc_column_inner width=&#8221;1\/2&#8243;][vc_single_image image=&#8221;4791&#8243; img_size=&#8221;full&#8221; css=&#8221;.vc_custom_1732904202208{padding-top: 0px !important;padding-right: 60px !important;padding-bottom: 60px !important;}&#8221;][\/vc_column_inner][vc_column_inner width=&#8221;1\/2&#8243;][gt3_custom_text text_color=&#8221;#737d84&#8243; font_size=&#8221;16&#8243;]SOBRE NOSOTROS Okeanis Ltd fue fundada en 2001 por Malloudis Ioannis y sus hijos con un [&hellip;]<\/p>\n","protected":false},"author":1,"featured_media":0,"parent":0,"menu_order":0,"comment_status":"closed","ping_status":"closed","template":"full-width.php","meta":{"footnotes":""},"class_list":["post-692","page","type-page","status-publish","hentry"],"yoast_head":"<!-- This site is optimized with the Yoast SEO plugin v24.7 - https:\/\/yoast.com\/wordpress\/plugins\/seo\/ -->\n<title>Sobre Nosotros - Floating Barriers &amp; Booms %<\/title>\n<meta name=\"description\" content=\"%\" \/>\n<meta name=\"robots\" content=\"index, follow, max-snippet:-1, max-image-preview:large, max-video-preview:-1\" \/>\n<link rel=\"canonical\" href=\"https:\/\/okeanisbarriers.com\/index.php\/es\/about-us\/\" \/>\n<meta property=\"og:locale\" content=\"en_US\" \/>\n<meta property=\"og:type\" content=\"article\" \/>\n<meta property=\"og:title\" content=\"Sobre Nosotros - Floating Barriers &amp; Booms %\" \/>\n<meta property=\"og:description\" content=\"%\" \/>\n<meta property=\"og:url\" content=\"https:\/\/okeanisbarriers.com\/index.php\/es\/about-us\/\" \/>\n<meta property=\"og:site_name\" content=\"Floating Barriers &amp; Booms\" \/>\n<meta property=\"article:publisher\" content=\"https:\/\/www.facebook.com\/okeanis.floating.booms\/\" \/>\n<meta property=\"article:modified_time\" content=\"2024-12-08T15:22:08+00:00\" \/>\n<meta property=\"og:image\" content=\"https:\/\/okeanisbarriers.com\/wp-content\/uploads\/2025\/04\/IMG_3952-2-scaled.jpg\" \/>\n\t<meta property=\"og:image:width\" content=\"2560\" \/>\n\t<meta property=\"og:image:height\" content=\"1998\" \/>\n\t<meta property=\"og:image:type\" content=\"image\/jpeg\" \/>\n<meta name=\"twitter:card\" content=\"summary_large_image\" \/>\n<meta name=\"twitter:label1\" content=\"Est. reading time\" \/>\n\t<meta name=\"twitter:data1\" content=\"6 minutes\" \/>\n<script type=\"application\/ld+json\" class=\"yoast-schema-graph\">{\"@context\":\"https:\/\/schema.org\",\"@graph\":[{\"@type\":\"WebPage\",\"@id\":\"https:\/\/okeanisbarriers.com\/index.php\/es\/about-us\/\",\"url\":\"https:\/\/okeanisbarriers.com\/index.php\/es\/about-us\/\",\"name\":\"Sobre Nosotros - Floating Barriers &amp; Booms %\",\"isPartOf\":{\"@id\":\"https:\/\/okeanisbarriers.com\/#website\"},\"datePublished\":\"2024-04-29T03:30:45+00:00\",\"dateModified\":\"2024-12-08T15:22:08+00:00\",\"description\":\"%\",\"breadcrumb\":{\"@id\":\"https:\/\/okeanisbarriers.com\/index.php\/es\/about-us\/#breadcrumb\"},\"inLanguage\":\"en-US\",\"potentialAction\":[{\"@type\":\"ReadAction\",\"target\":[\"https:\/\/okeanisbarriers.com\/index.php\/es\/about-us\/\"]}]},{\"@type\":\"BreadcrumbList\",\"@id\":\"https:\/\/okeanisbarriers.com\/index.php\/es\/about-us\/#breadcrumb\",\"itemListElement\":[{\"@type\":\"ListItem\",\"position\":1,\"name\":\"Home\",\"item\":\"https:\/\/okeanisbarriers.com\/index.php\/es\/home\/\"},{\"@type\":\"ListItem\",\"position\":2,\"name\":\"Sobre Nosotros\"}]},{\"@type\":\"WebSite\",\"@id\":\"https:\/\/okeanisbarriers.com\/#website\",\"url\":\"https:\/\/okeanisbarriers.com\/\",\"name\":\"Okeanis - Floating Barriers & Booms\",\"description\":\"Floating barriers&#039; manufacturing\",\"publisher\":{\"@id\":\"https:\/\/okeanisbarriers.com\/#organization\"},\"alternateName\":\"Okeanis Floating Booms\",\"potentialAction\":[{\"@type\":\"SearchAction\",\"target\":{\"@type\":\"EntryPoint\",\"urlTemplate\":\"https:\/\/okeanisbarriers.com\/?s={search_term_string}\"},\"query-input\":{\"@type\":\"PropertyValueSpecification\",\"valueRequired\":true,\"valueName\":\"search_term_string\"}}],\"inLanguage\":\"en-US\"},{\"@type\":\"Organization\",\"@id\":\"https:\/\/okeanisbarriers.com\/#organization\",\"name\":\"Okeanis Floating Barriers & Booms\",\"alternateName\":\"Oceanis Ltd - Floating Booms\",\"url\":\"https:\/\/okeanisbarriers.com\/\",\"logo\":{\"@type\":\"ImageObject\",\"inLanguage\":\"en-US\",\"@id\":\"https:\/\/okeanisbarriers.com\/#\/schema\/logo\/image\/\",\"url\":\"https:\/\/okeanisbarriers.com\/wp-content\/uploads\/2025\/04\/210506_okeanis_New_Logo_0006-scaled.png\",\"contentUrl\":\"https:\/\/okeanisbarriers.com\/wp-content\/uploads\/2025\/04\/210506_okeanis_New_Logo_0006-scaled.png\",\"width\":2316,\"height\":2560,\"caption\":\"Okeanis Floating Barriers & Booms\"},\"image\":{\"@id\":\"https:\/\/okeanisbarriers.com\/#\/schema\/logo\/image\/\"},\"sameAs\":[\"https:\/\/www.facebook.com\/okeanis.floating.booms\/\"]}]}<\/script>\n<!-- \/ Yoast SEO plugin. -->","yoast_head_json":{"title":"Sobre Nosotros - Floating Barriers &amp; Booms %","description":"%","robots":{"index":"index","follow":"follow","max-snippet":"max-snippet:-1","max-image-preview":"max-image-preview:large","max-video-preview":"max-video-preview:-1"},"canonical":"https:\/\/okeanisbarriers.com\/index.php\/es\/about-us\/","og_locale":"en_US","og_type":"article","og_title":"Sobre Nosotros - Floating Barriers &amp; Booms %","og_description":"%","og_url":"https:\/\/okeanisbarriers.com\/index.php\/es\/about-us\/","og_site_name":"Floating Barriers &amp; Booms","article_publisher":"https:\/\/www.facebook.com\/okeanis.floating.booms\/","article_modified_time":"2024-12-08T15:22:08+00:00","og_image":[{"width":2560,"height":1998,"url":"https:\/\/okeanisbarriers.com\/wp-content\/uploads\/2025\/04\/IMG_3952-2-scaled.jpg","type":"image\/jpeg"}],"twitter_card":"summary_large_image","twitter_misc":{"Est. reading time":"6 minutes"},"schema":{"@context":"https:\/\/schema.org","@graph":[{"@type":"WebPage","@id":"https:\/\/okeanisbarriers.com\/index.php\/es\/about-us\/","url":"https:\/\/okeanisbarriers.com\/index.php\/es\/about-us\/","name":"Sobre Nosotros - Floating Barriers &amp; Booms %","isPartOf":{"@id":"https:\/\/okeanisbarriers.com\/#website"},"datePublished":"2024-04-29T03:30:45+00:00","dateModified":"2024-12-08T15:22:08+00:00","description":"%","breadcrumb":{"@id":"https:\/\/okeanisbarriers.com\/index.php\/es\/about-us\/#breadcrumb"},"inLanguage":"en-US","potentialAction":[{"@type":"ReadAction","target":["https:\/\/okeanisbarriers.com\/index.php\/es\/about-us\/"]}]},{"@type":"BreadcrumbList","@id":"https:\/\/okeanisbarriers.com\/index.php\/es\/about-us\/#breadcrumb","itemListElement":[{"@type":"ListItem","position":1,"name":"Home","item":"https:\/\/okeanisbarriers.com\/index.php\/es\/home\/"},{"@type":"ListItem","position":2,"name":"Sobre Nosotros"}]},{"@type":"WebSite","@id":"https:\/\/okeanisbarriers.com\/#website","url":"https:\/\/okeanisbarriers.com\/","name":"Okeanis - Floating Barriers & Booms","description":"Floating barriers&#039; manufacturing","publisher":{"@id":"https:\/\/okeanisbarriers.com\/#organization"},"alternateName":"Okeanis Floating Booms","potentialAction":[{"@type":"SearchAction","target":{"@type":"EntryPoint","urlTemplate":"https:\/\/okeanisbarriers.com\/?s={search_term_string}"},"query-input":{"@type":"PropertyValueSpecification","valueRequired":true,"valueName":"search_term_string"}}],"inLanguage":"en-US"},{"@type":"Organization","@id":"https:\/\/okeanisbarriers.com\/#organization","name":"Okeanis Floating Barriers & Booms","alternateName":"Oceanis Ltd - Floating Booms","url":"https:\/\/okeanisbarriers.com\/","logo":{"@type":"ImageObject","inLanguage":"en-US","@id":"https:\/\/okeanisbarriers.com\/#\/schema\/logo\/image\/","url":"https:\/\/okeanisbarriers.com\/wp-content\/uploads\/2025\/04\/210506_okeanis_New_Logo_0006-scaled.png","contentUrl":"https:\/\/okeanisbarriers.com\/wp-content\/uploads\/2025\/04\/210506_okeanis_New_Logo_0006-scaled.png","width":2316,"height":2560,"caption":"Okeanis Floating Barriers & Booms"},"image":{"@id":"https:\/\/okeanisbarriers.com\/#\/schema\/logo\/image\/"},"sameAs":["https:\/\/www.facebook.com\/okeanis.floating.booms\/"]}]}},"_links":{"self":[{"href":"https:\/\/okeanisbarriers.com\/index.php\/wp-json\/wp\/v2\/pages\/692","targetHints":{"allow":["GET"]}}],"collection":[{"href":"https:\/\/okeanisbarriers.com\/index.php\/wp-json\/wp\/v2\/pages"}],"about":[{"href":"https:\/\/okeanisbarriers.com\/index.php\/wp-json\/wp\/v2\/types\/page"}],"author":[{"embeddable":true,"href":"https:\/\/okeanisbarriers.com\/index.php\/wp-json\/wp\/v2\/users\/1"}],"replies":[{"embeddable":true,"href":"https:\/\/okeanisbarriers.com\/index.php\/wp-json\/wp\/v2\/comments?post=692"}],"version-history":[{"count":47,"href":"https:\/\/okeanisbarriers.com\/index.php\/wp-json\/wp\/v2\/pages\/692\/revisions"}],"predecessor-version":[{"id":5404,"href":"https:\/\/okeanisbarriers.com\/index.php\/wp-json\/wp\/v2\/pages\/692\/revisions\/5404"}],"wp:attachment":[{"href":"https:\/\/okeanisbarriers.com\/index.php\/wp-json\/wp\/v2\/media?parent=692"}],"curies":[{"name":"wp","href":"https:\/\/api.w.org\/{rel}","templated":true}]}}