{"id":790,"date":"2017-01-18T13:15:21","date_gmt":"2017-01-18T13:15:21","guid":{"rendered":"http:\/\/gt3demo.com\/wp\/wizelaw\/?page_id=790"},"modified":"2024-12-08T17:52:13","modified_gmt":"2024-12-08T17:52:13","slug":"services","status":"publish","type":"page","link":"https:\/\/okeanisbarriers.com\/index.php\/es\/services\/","title":{"rendered":"Servicios"},"content":{"rendered":"<div class=\"wpb-content-wrapper\">[vc_row full_width=&#8221;stretch_row&#8221; column_separator_row=&#8221;&#8221; masked_row=&#8221;&#8221; css=&#8221;.vc_custom_1731264987617{margin-top: -100px !important;background-color: #e2e2e2 !important;}&#8221;][vc_column][gt3_custom_text text_color=&#8221;#27323d&#8221; font_size=&#8221;35&#8243; line_height=&#8221;80&#8243;]\n<p style=\"text-align: center; margin-bottom: 8px; margin-top: 8px;\"><span style=\"color: #2e4a72;\">Soluciones expertas desde el concepto hasta la finalizaci\u00f3n<\/span><\/p>\n[\/gt3_custom_text][gt3_spacing height=&#8221;42px&#8221;][\/vc_column][\/vc_row][vc_row column_separator_row=&#8221;&#8221; masked_row=&#8221;&#8221; css=&#8221;.vc_custom_1690875004521{margin-top: 50px !important;}&#8221;][vc_column][gt3_custom_text text_color=&#8221;#000000&#8243; font_size=&#8221;40&#8243;]\n<p style=\"text-align: center;\"><strong>Servicios<\/strong><\/p>\n[\/gt3_custom_text][gt3_spacing height=&#8221;22px&#8221;][vc_row_inner el_class=&#8221;about_text&#8221;][vc_column_inner width=&#8221;5\/6&#8243; offset=&#8221;vc_col-sm-offset-1&#8243;][gt3_custom_text text_color=&#8221;#737d84&#8243; font_size=&#8221;16&#8243; line_height=&#8221;190&#8243;]Okeanis, con una adecuada infraestructura organizativa, estudia y fabrica sus productos de acuerdo a las necesidades de cada proyecto.<\/p>\n<p>Nuestro enfoque t\u00e9cnico innovador, nos ha llevado a desarrollar un sistema y m\u00e9todo integral que puede proporcionar flexibilidad en el dise\u00f1o del producto final y sus especificaciones, para adaptarnos perfectamente a cada proyecto y alcanzar el m\u00e1ximo de sus objetivos.<\/p>\n<p>Por lo tanto, Okeanis tiene la capacidad de proporcionar productos y soluciones personalizados y confiables.<\/p>\n<p>Los m\u00e1s de 20 a\u00f1os de experiencia con participaci\u00f3n continua y directa en la instalaci\u00f3n, monitoreo, mantenimiento y soporte t\u00e9cnico de los proyectos, nos brindan la oportunidad de aumentar nuestro conocimiento, mejorar y desarrollar nuestros productos y habilidades continuamente.<\/p>\n<p>El equipo de Okeanis con responsabilidad social, hacia los clientes y el medio marino, proporciona:<\/p>\n<ul>\n<li>Estudio y levantamiento del sitio<\/li>\n<li>Fabricaci\u00f3n manufactura<\/li>\n<li>Apoyo soporte t\u00e9cnico<\/li>\n<li>Servicios de instalaci\u00f3n<\/li>\n<li>Servicios de mantenimiento<\/li>\n<li>Soporte post-venta<\/li>\n<\/ul>\n[\/gt3_custom_text][\/vc_column_inner][\/vc_row_inner][gt3_spacing height=&#8221;42px&#8221;][\/vc_column][\/vc_row][vc_row full_width=&#8221;stretch_row&#8221; column_separator_row=&#8221;&#8221; masked_row=&#8221;&#8221; css=&#8221;.vc_custom_1732905882842{background: #28323e url(https:\/\/okeanisbarriers.com\/wp-content\/uploads\/2024\/11\/okeanis_gradiend_navy_blue.jpg?id=5099) !important;}&#8221;][vc_column][gt3_spacing height=&#8221;22px&#8221;][gt3_custom_text text_color=&#8221;#ffffff&#8221; font_size=&#8221;30&#8243; line_height=&#8221;100&#8243;]\n<p style=\"text-align: left;\"><strong>What Do We Solve ?<\/strong><\/p>\n[\/gt3_custom_text][gt3_spacing height=&#8221;22px&#8221;][gt3_custom_text text_color=&#8221;#ffffff&#8221; font_size=&#8221;18&#8243;]<span>Okeanis and its seaweed floating barriers can only assist with the treatment of the consequences, by containing, deflecting and removing the floating seaweed and protect marine habitats and recreational structures.<\/span>[\/gt3_custom_text][gt3_spacing height=&#8221;45px&#8221;][vc_row_inner][vc_column_inner width=&#8221;1\/3&#8243;][gt3_image_box thumbnail=&#8221;5278&#8243; image_position=&#8221;top&#8221; title_tag=&#8221;h2&#8243; imagebox_title_size=&#8221;24&#8243; imagebox_content_size=&#8221;14&#8243; title_color=&#8221;#ffffff&#8221; text_color=&#8221;#c9d4dc&#8221; link_color=&#8221;#4496bd&#8221; link_hover_color=&#8221;#ffffff&#8221; new_tab=&#8221;&#8221; heading=&#8221;Barreras de debris&#8221; text=&#8221;La configuraci\u00f3n din\u00e1mica de la naturaleza<br \/>\nnuestras experiencias.&#8221; url=&#8221;https:\/\/okeanisbarriers.com\/index.php\/es\/products\/debris-barriers\/&#8221;][gt3_spacing height=&#8221;15px&#8221;][gt3_custom_text text_color=&#8221;#4496bd&#8221; font_size=&#8221;14&#8243;]\n<p style=\"text-align: center;\"><a href=\"https:\/\/okeanisbarriers.com\/index.php\/es\/products\/debris-barriers\/\"><span style=\"font-size: 16px;\"><span style=\"color: #ffffff;\">M\u00e1s im\u00e1genes<\/span><\/span><\/a><span style=\"color: #ffffff;\">\u00a0<i class=\"fa fa-arrow-right\">\u00a0<\/i><\/span><\/p>\n[\/gt3_custom_text][gt3_spacing height=&#8221;32px&#8221;][\/vc_column_inner][vc_column_inner width=&#8221;1\/3&#8243;][gt3_image_box thumbnail=&#8221;5279&#8243; image_position=&#8221;top&#8221; title_tag=&#8221;h2&#8243; imagebox_title_size=&#8221;24&#8243; imagebox_content_size=&#8221;14&#8243; title_color=&#8221;#ffffff&#8221; text_color=&#8221;#c9d4dc&#8221; link_color=&#8221;#4496bd&#8221; link_hover_color=&#8221;#ffffff&#8221; new_tab=&#8221;&#8221; heading=&#8221;Contaminaci\u00f3n&#8221; text=&#8221;Una crisis global que exige urgentemente<br \/>\ncuidado del medio ambiente.&#8221; url=&#8221;https:\/\/okeanisbarriers.com\/index.php\/es\/application\/pollution\/&#8221;][gt3_spacing height=&#8221;15px&#8221;][gt3_custom_text text_color=&#8221;#4496bd&#8221; font_size=&#8221;14&#8243;]\n<p style=\"text-align: center;\"><a href=\"https:\/\/okeanisbarriers.com\/index.php\/application\/pollution\/\"><span style=\"font-size: 16px;\"><span style=\"color: #ffffff;\">M\u00e1s im\u00e1genes<\/span><\/span><\/a><span style=\"color: #ffffff;\"> <a class=\"gt3_icon_link\" href=\"#\" target=\"_blank\" style=\"font-size: 12px; color: #ffffff; margin-right: 15px; margin-top: 5px;\" rel=\"noopener\"><i class=\"fa fa-arrow-right\">\u00a0<\/i><\/a><\/span><\/p>\n[\/gt3_custom_text][gt3_spacing height=&#8221;32px&#8221;][\/vc_column_inner][vc_column_inner width=&#8221;1\/3&#8243;][gt3_image_box thumbnail=&#8221;5280&#8243; image_position=&#8221;top&#8221; title_tag=&#8221;h2&#8243; imagebox_title_size=&#8221;24&#8243; imagebox_content_size=&#8221;14&#8243; title_color=&#8221;#ffffff&#8221; text_color=&#8221;#c9d4dc&#8221; link_color=&#8221;#4496bd&#8221; link_hover_color=&#8221;#ffffff&#8221; new_tab=&#8221;&#8221; heading=&#8221;Protecci\u00f3n&#8221; text=&#8221;Salvaguardando tu costa paraun<br \/>\nfuturo sostenible.&#8221; url=&#8221;https:\/\/okeanisbarriers.com\/index.php\/es\/application\/protection\/&#8221;][gt3_spacing height=&#8221;15px&#8221;][gt3_custom_text text_color=&#8221;#4496bd&#8221; font_size=&#8221;14&#8243;]\n<p style=\"text-align: center;\"><a href=\"https:\/\/okeanisbarriers.com\/index.php\/es\/application\/protection\/\"><span style=\"color: #ffffff;\">M\u00e1s im\u00e1genes<\/span><\/a><span style=\"color: #ffffff;\"> <a class=\"gt3_icon_link\" href=\"#\" target=\"_blank\" style=\"font-size: 12px; color: #ffffff; margin-right: 15px; margin-top: 5px;\" rel=\"noopener\"><i class=\"fa fa-arrow-right\">\u00a0<\/i><\/a><\/span><\/p>\n[\/gt3_custom_text][gt3_spacing height=&#8221;32px&#8221;][\/vc_column_inner][\/vc_row_inner][\/vc_column][\/vc_row][vc_row full_width=&#8221;stretch_row&#8221; column_separator_row=&#8221;&#8221; masked_row=&#8221;&#8221; css=&#8221;.vc_custom_1731662865469{margin-top: -10px !important;background-image: url(https:\/\/okeanisbarriers.com\/wp-content\/uploads\/2023\/08\/home_middle_banner_03.jpg?id=4444) !important;background-position: center !important;background-repeat: no-repeat !important;background-size: cover !important;}&#8221;][vc_column][gt3_spacing height=&#8221;90px&#8221; responsive_es=&#8221;true&#8221; height_mobile=&#8221;60&#8243;][gt3_spacing height=&#8221;45px&#8221;][gt3_custom_text text_color=&#8221;#ffffff&#8221; font_size=&#8221;100&#8243; line_height=&#8221;100&#8243; use_theme_fonts=&#8221;&#8221; google_fonts_text=&#8221;font_family:Kaushan%20Script%3Aregular|font_style:400%20regular%3A400%3Anormal&#8221; responsive_font=&#8221;true&#8221; font_size_tablet=&#8221;70&#8243; font_size_mobile=&#8221;50&#8243;]\n<p style=\"text-align: center;\"><strong>\u00a1Protegiendo tu playa!<\/strong><\/p>\n[\/gt3_custom_text][gt3_spacing height=&#8221;50px&#8221;][gt3_button button_title=&#8221;CONTACT US&#8221; button_size=&#8221;large&#8221; button_alignment=&#8221;center&#8221; use_theme_button=&#8221;&#8221; btn_bg_color=&#8221;#1e73be&#8221; btn_text_color=&#8221;#ffffff&#8221; btn_bg_color_hover=&#8221;#ffffff&#8221; btn_text_color_hover=&#8221;#1e73be&#8221; btn_icon_color=&#8221;#ffffff&#8221; btn_icon_color_hover=&#8221;#ffffff&#8221; btn_border_color=&#8221;#1e73be&#8221; btn_border_color_hover=&#8221;#1e73be&#8221; link=&#8221;url:https%3A%2F%2Fokeanisbarriers.com%2Findex.php%2Fcontacts%2F|title:Contacts&#8221;][gt3_spacing height=&#8221;200px&#8221; responsive_es=&#8221;true&#8221; height_mobile=&#8221;43&#8243;][\/vc_column][\/vc_row]\n<\/div>","protected":false},"excerpt":{"rendered":"<p>[vc_row full_width=&#8221;stretch_row&#8221; column_separator_row=&#8221;&#8221; masked_row=&#8221;&#8221; css=&#8221;.vc_custom_1731264987617{margin-top: -100px !important;background-color: #e2e2e2 !important;}&#8221;][vc_column][gt3_custom_text text_color=&#8221;#27323d&#8221; font_size=&#8221;35&#8243; line_height=&#8221;80&#8243;] Soluciones expertas desde el concepto hasta la finalizaci\u00f3n [\/gt3_custom_text][gt3_spacing height=&#8221;42px&#8221;][\/vc_column][\/vc_row][vc_row column_separator_row=&#8221;&#8221; masked_row=&#8221;&#8221; css=&#8221;.vc_custom_1690875004521{margin-top: 50px !important;}&#8221;][vc_column][gt3_custom_text text_color=&#8221;#000000&#8243; font_size=&#8221;40&#8243;] Servicios [\/gt3_custom_text][gt3_spacing height=&#8221;22px&#8221;][vc_row_inner el_class=&#8221;about_text&#8221;][vc_column_inner width=&#8221;5\/6&#8243; offset=&#8221;vc_col-sm-offset-1&#8243;][gt3_custom_text text_color=&#8221;#737d84&#8243; font_size=&#8221;16&#8243; line_height=&#8221;190&#8243;]Okeanis, con una adecuada infraestructura organizativa, estudia y fabrica sus productos de acuerdo a las necesidades de cada [&hellip;]<\/p>\n","protected":false},"author":1,"featured_media":0,"parent":0,"menu_order":0,"comment_status":"closed","ping_status":"closed","template":"full-width.php","meta":{"footnotes":""},"class_list":["post-790","page","type-page","status-publish","hentry"],"yoast_head":"<!-- This site is optimized with the Yoast SEO plugin v24.7 - https:\/\/yoast.com\/wordpress\/plugins\/seo\/ -->\n<title>Servicios - Floating Barriers &amp; Booms %<\/title>\n<meta name=\"description\" content=\"%\" \/>\n<meta name=\"robots\" content=\"index, follow, max-snippet:-1, max-image-preview:large, max-video-preview:-1\" \/>\n<link rel=\"canonical\" href=\"https:\/\/okeanisbarriers.com\/index.php\/es\/services\/\" \/>\n<meta property=\"og:locale\" content=\"en_US\" \/>\n<meta property=\"og:type\" content=\"article\" \/>\n<meta property=\"og:title\" content=\"Servicios - Floating Barriers &amp; Booms %\" \/>\n<meta property=\"og:description\" content=\"%\" \/>\n<meta property=\"og:url\" content=\"https:\/\/okeanisbarriers.com\/index.php\/es\/services\/\" \/>\n<meta property=\"og:site_name\" content=\"Floating Barriers &amp; Booms\" \/>\n<meta property=\"article:publisher\" content=\"https:\/\/www.facebook.com\/okeanis.floating.booms\/\" \/>\n<meta property=\"article:modified_time\" content=\"2024-12-08T17:52:13+00:00\" \/>\n<meta property=\"og:image\" content=\"https:\/\/okeanisbarriers.com\/wp-content\/uploads\/2025\/04\/IMG_3952-2-scaled.jpg\" \/>\n\t<meta property=\"og:image:width\" content=\"2560\" \/>\n\t<meta property=\"og:image:height\" content=\"1998\" \/>\n\t<meta property=\"og:image:type\" content=\"image\/jpeg\" \/>\n<meta name=\"twitter:card\" content=\"summary_large_image\" \/>\n<meta name=\"twitter:label1\" content=\"Est. reading time\" \/>\n\t<meta name=\"twitter:data1\" content=\"4 minutes\" \/>\n<script type=\"application\/ld+json\" class=\"yoast-schema-graph\">{\"@context\":\"https:\/\/schema.org\",\"@graph\":[{\"@type\":\"WebPage\",\"@id\":\"https:\/\/okeanisbarriers.com\/index.php\/es\/services\/\",\"url\":\"https:\/\/okeanisbarriers.com\/index.php\/es\/services\/\",\"name\":\"Servicios - Floating Barriers &amp; Booms %\",\"isPartOf\":{\"@id\":\"https:\/\/okeanisbarriers.com\/#website\"},\"datePublished\":\"2017-01-18T13:15:21+00:00\",\"dateModified\":\"2024-12-08T17:52:13+00:00\",\"description\":\"%\",\"breadcrumb\":{\"@id\":\"https:\/\/okeanisbarriers.com\/index.php\/es\/services\/#breadcrumb\"},\"inLanguage\":\"en-US\",\"potentialAction\":[{\"@type\":\"ReadAction\",\"target\":[\"https:\/\/okeanisbarriers.com\/index.php\/es\/services\/\"]}]},{\"@type\":\"BreadcrumbList\",\"@id\":\"https:\/\/okeanisbarriers.com\/index.php\/es\/services\/#breadcrumb\",\"itemListElement\":[{\"@type\":\"ListItem\",\"position\":1,\"name\":\"Home\",\"item\":\"https:\/\/okeanisbarriers.com\/index.php\/es\/home\/\"},{\"@type\":\"ListItem\",\"position\":2,\"name\":\"Servicios\"}]},{\"@type\":\"WebSite\",\"@id\":\"https:\/\/okeanisbarriers.com\/#website\",\"url\":\"https:\/\/okeanisbarriers.com\/\",\"name\":\"Okeanis - Floating Barriers & Booms\",\"description\":\"Floating barriers&#039; manufacturing\",\"publisher\":{\"@id\":\"https:\/\/okeanisbarriers.com\/#organization\"},\"alternateName\":\"Okeanis Floating Booms\",\"potentialAction\":[{\"@type\":\"SearchAction\",\"target\":{\"@type\":\"EntryPoint\",\"urlTemplate\":\"https:\/\/okeanisbarriers.com\/?s={search_term_string}\"},\"query-input\":{\"@type\":\"PropertyValueSpecification\",\"valueRequired\":true,\"valueName\":\"search_term_string\"}}],\"inLanguage\":\"en-US\"},{\"@type\":\"Organization\",\"@id\":\"https:\/\/okeanisbarriers.com\/#organization\",\"name\":\"Okeanis Floating Barriers & Booms\",\"alternateName\":\"Oceanis Ltd - Floating Booms\",\"url\":\"https:\/\/okeanisbarriers.com\/\",\"logo\":{\"@type\":\"ImageObject\",\"inLanguage\":\"en-US\",\"@id\":\"https:\/\/okeanisbarriers.com\/#\/schema\/logo\/image\/\",\"url\":\"https:\/\/okeanisbarriers.com\/wp-content\/uploads\/2025\/04\/210506_okeanis_New_Logo_0006-scaled.png\",\"contentUrl\":\"https:\/\/okeanisbarriers.com\/wp-content\/uploads\/2025\/04\/210506_okeanis_New_Logo_0006-scaled.png\",\"width\":2316,\"height\":2560,\"caption\":\"Okeanis Floating Barriers & Booms\"},\"image\":{\"@id\":\"https:\/\/okeanisbarriers.com\/#\/schema\/logo\/image\/\"},\"sameAs\":[\"https:\/\/www.facebook.com\/okeanis.floating.booms\/\"]}]}<\/script>\n<!-- \/ Yoast SEO plugin. -->","yoast_head_json":{"title":"Servicios - Floating Barriers &amp; Booms %","description":"%","robots":{"index":"index","follow":"follow","max-snippet":"max-snippet:-1","max-image-preview":"max-image-preview:large","max-video-preview":"max-video-preview:-1"},"canonical":"https:\/\/okeanisbarriers.com\/index.php\/es\/services\/","og_locale":"en_US","og_type":"article","og_title":"Servicios - Floating Barriers &amp; Booms %","og_description":"%","og_url":"https:\/\/okeanisbarriers.com\/index.php\/es\/services\/","og_site_name":"Floating Barriers &amp; Booms","article_publisher":"https:\/\/www.facebook.com\/okeanis.floating.booms\/","article_modified_time":"2024-12-08T17:52:13+00:00","og_image":[{"width":2560,"height":1998,"url":"https:\/\/okeanisbarriers.com\/wp-content\/uploads\/2025\/04\/IMG_3952-2-scaled.jpg","type":"image\/jpeg"}],"twitter_card":"summary_large_image","twitter_misc":{"Est. reading time":"4 minutes"},"schema":{"@context":"https:\/\/schema.org","@graph":[{"@type":"WebPage","@id":"https:\/\/okeanisbarriers.com\/index.php\/es\/services\/","url":"https:\/\/okeanisbarriers.com\/index.php\/es\/services\/","name":"Servicios - Floating Barriers &amp; Booms %","isPartOf":{"@id":"https:\/\/okeanisbarriers.com\/#website"},"datePublished":"2017-01-18T13:15:21+00:00","dateModified":"2024-12-08T17:52:13+00:00","description":"%","breadcrumb":{"@id":"https:\/\/okeanisbarriers.com\/index.php\/es\/services\/#breadcrumb"},"inLanguage":"en-US","potentialAction":[{"@type":"ReadAction","target":["https:\/\/okeanisbarriers.com\/index.php\/es\/services\/"]}]},{"@type":"BreadcrumbList","@id":"https:\/\/okeanisbarriers.com\/index.php\/es\/services\/#breadcrumb","itemListElement":[{"@type":"ListItem","position":1,"name":"Home","item":"https:\/\/okeanisbarriers.com\/index.php\/es\/home\/"},{"@type":"ListItem","position":2,"name":"Servicios"}]},{"@type":"WebSite","@id":"https:\/\/okeanisbarriers.com\/#website","url":"https:\/\/okeanisbarriers.com\/","name":"Okeanis - Floating Barriers & Booms","description":"Floating barriers&#039; manufacturing","publisher":{"@id":"https:\/\/okeanisbarriers.com\/#organization"},"alternateName":"Okeanis Floating Booms","potentialAction":[{"@type":"SearchAction","target":{"@type":"EntryPoint","urlTemplate":"https:\/\/okeanisbarriers.com\/?s={search_term_string}"},"query-input":{"@type":"PropertyValueSpecification","valueRequired":true,"valueName":"search_term_string"}}],"inLanguage":"en-US"},{"@type":"Organization","@id":"https:\/\/okeanisbarriers.com\/#organization","name":"Okeanis Floating Barriers & Booms","alternateName":"Oceanis Ltd - Floating Booms","url":"https:\/\/okeanisbarriers.com\/","logo":{"@type":"ImageObject","inLanguage":"en-US","@id":"https:\/\/okeanisbarriers.com\/#\/schema\/logo\/image\/","url":"https:\/\/okeanisbarriers.com\/wp-content\/uploads\/2025\/04\/210506_okeanis_New_Logo_0006-scaled.png","contentUrl":"https:\/\/okeanisbarriers.com\/wp-content\/uploads\/2025\/04\/210506_okeanis_New_Logo_0006-scaled.png","width":2316,"height":2560,"caption":"Okeanis Floating Barriers & Booms"},"image":{"@id":"https:\/\/okeanisbarriers.com\/#\/schema\/logo\/image\/"},"sameAs":["https:\/\/www.facebook.com\/okeanis.floating.booms\/"]}]}},"_links":{"self":[{"href":"https:\/\/okeanisbarriers.com\/index.php\/wp-json\/wp\/v2\/pages\/790","targetHints":{"allow":["GET"]}}],"collection":[{"href":"https:\/\/okeanisbarriers.com\/index.php\/wp-json\/wp\/v2\/pages"}],"about":[{"href":"https:\/\/okeanisbarriers.com\/index.php\/wp-json\/wp\/v2\/types\/page"}],"author":[{"embeddable":true,"href":"https:\/\/okeanisbarriers.com\/index.php\/wp-json\/wp\/v2\/users\/1"}],"replies":[{"embeddable":true,"href":"https:\/\/okeanisbarriers.com\/index.php\/wp-json\/wp\/v2\/comments?post=790"}],"version-history":[{"count":27,"href":"https:\/\/okeanisbarriers.com\/index.php\/wp-json\/wp\/v2\/pages\/790\/revisions"}],"predecessor-version":[{"id":5456,"href":"https:\/\/okeanisbarriers.com\/index.php\/wp-json\/wp\/v2\/pages\/790\/revisions\/5456"}],"wp:attachment":[{"href":"https:\/\/okeanisbarriers.com\/index.php\/wp-json\/wp\/v2\/media?parent=790"}],"curies":[{"name":"wp","href":"https:\/\/api.w.org\/{rel}","templated":true}]}}